{"id":12,"date":"2015-03-20T13:09:58","date_gmt":"2015-03-20T12:09:58","guid":{"rendered":"http:\/\/ludwig-auto.de\/?page_id=12"},"modified":"2025-03-19T14:35:12","modified_gmt":"2025-03-19T13:35:12","slug":"kontakt","status":"publish","type":"page","link":"https:\/\/www.ludwig-automobile-pflege.de\/?page_id=12","title":{"rendered":"Kontakt"},"content":{"rendered":"<p><strong><span style=\"color: #000080;\">Aktuelle \u00d6ffnungszeiten:<\/span><\/strong><\/p>\n<table style=\"border-collapse: collapse; width: 100%; height: 92px;\">\n<tbody>\n<tr style=\"height: 23px;\">\n<td style=\"width: 13.9286%; height: 23px;\">Mo.:<\/td>\n<td style=\"width: 86.0714%; height: 23px;\">ganzt\u00e4gig geschlossen<\/td>\n<\/tr>\n<tr style=\"height: 23px;\">\n<td style=\"width: 13.9286%; height: 23px;\">Di.-Mi.:<\/td>\n<td style=\"width: 86.0714%; height: 23px;\">12:30 &#8211; 18:00 Uhr<\/td>\n<\/tr>\n<tr style=\"height: 23px;\">\n<td style=\"width: 13.9286%; height: 23px;\">Do.-Fr.:<\/td>\n<td style=\"width: 86.0714%; height: 23px;\">10:00 &#8211; 12:00 Uhr u. 13:00 &#8211; 18:00 Uhr<\/td>\n<\/tr>\n<tr style=\"height: 23px;\">\n<td style=\"width: 13.9286%; height: 23px;\">Sa.:<\/td>\n<td style=\"width: 86.0714%; height: 23px;\">10:00 &#8211; 13:30 Uhr<\/td>\n<\/tr>\n<\/tbody>\n<\/table>\n<p><strong>sowie nach Terminvereinbarung<\/strong><\/p>\n<p><span class=\"header-contact-phone\">Oder senden Sie Ihre Anfrage \u00fcber unser Kontaktformular. Wir melden uns schnellstm\u00f6glich zur\u00fcck!<br \/>\n<\/span><\/p>\n\n<div class=\"wpcf7 no-js\" id=\"wpcf7-f83-o1\" lang=\"de-DE\" dir=\"ltr\">\n<div class=\"screen-reader-response\"><p role=\"status\" aria-live=\"polite\" aria-atomic=\"true\"><\/p> <ul><\/ul><\/div>\n<form action=\"\/index.php?rest_route=%2Fwp%2Fv2%2Fpages%2F12#wpcf7-f83-o1\" method=\"post\" class=\"wpcf7-form init\" aria-label=\"Kontaktformular\" novalidate=\"novalidate\" data-status=\"init\">\n<div style=\"display: none;\">\n<input type=\"hidden\" name=\"_wpcf7\" value=\"83\" \/>\n<input type=\"hidden\" name=\"_wpcf7_version\" value=\"5.7.5.1\" \/>\n<input type=\"hidden\" name=\"_wpcf7_locale\" value=\"de_DE\" \/>\n<input type=\"hidden\" name=\"_wpcf7_unit_tag\" value=\"wpcf7-f83-o1\" \/>\n<input type=\"hidden\" name=\"_wpcf7_container_post\" value=\"0\" \/>\n<input type=\"hidden\" name=\"_wpcf7_posted_data_hash\" value=\"\" \/>\n<\/div>\n<p>Ihr Name (Pflichtfeld)\n<\/p>\n<p><span class=\"wpcf7-form-control-wrap\" data-name=\"your-name\"><input size=\"40\" class=\"wpcf7-form-control wpcf7-text wpcf7-validates-as-required\" aria-required=\"true\" aria-invalid=\"false\" value=\"\" type=\"text\" name=\"your-name\" \/><\/span>\n<\/p>\n<p>Ihre E-Mail-Adresse (Pflichtfeld)\n<\/p>\n<p><span class=\"wpcf7-form-control-wrap\" data-name=\"your-email\"><input size=\"40\" class=\"wpcf7-form-control wpcf7-text wpcf7-email wpcf7-validates-as-required wpcf7-validates-as-email\" aria-required=\"true\" aria-invalid=\"false\" value=\"\" type=\"email\" name=\"your-email\" \/><\/span>\n<\/p>\n<p>Betreff\n<\/p>\n<p><span class=\"wpcf7-form-control-wrap\" data-name=\"your-subject\"><input size=\"40\" class=\"wpcf7-form-control wpcf7-text wpcf7-validates-as-required\" aria-required=\"true\" aria-invalid=\"false\" value=\"\" type=\"text\" name=\"your-subject\" \/><\/span>\n<\/p>\n<p>Ihre Nachricht\n<\/p>\n<p><span class=\"wpcf7-form-control-wrap\" data-name=\"your-message\"><textarea cols=\"40\" rows=\"10\" class=\"wpcf7-form-control wpcf7-textarea\" aria-invalid=\"false\" name=\"your-message\"><\/textarea><\/span>\n<\/p>\n<p><input class=\"wpcf7-form-control has-spinner wpcf7-submit\" type=\"submit\" value=\"Senden\" \/>\n<\/p><div class=\"wpcf7-response-output\" aria-hidden=\"true\"><\/div>\n<\/form>\n<\/div>\n\n","protected":false},"excerpt":{"rendered":"<p>Aktuelle \u00d6ffnungszeiten: Mo.: ganzt\u00e4gig geschlossen Di.-Mi.: 12:30 &#8211; 18:00 Uhr Do.-Fr.: 10:00 &#8211; 12:00 Uhr u. 13:00 &#8211; 18:00 Uhr Sa.: 10:00 &#8211; 13:30 Uhr sowie nach Terminvereinbarung Oder senden Sie Ihre Anfrage \u00fcber unser Kontaktformular. Wir melden uns schnellstm\u00f6glich&#8230;<br \/><a class=\"read-more-button\" href=\"https:\/\/www.ludwig-automobile-pflege.de\/?page_id=12\">Read more<\/a><\/p>\n","protected":false},"author":1,"featured_media":0,"parent":0,"menu_order":0,"comment_status":"closed","ping_status":"closed","template":"","meta":[],"_links":{"self":[{"href":"https:\/\/www.ludwig-automobile-pflege.de\/index.php?rest_route=\/wp\/v2\/pages\/12"}],"collection":[{"href":"https:\/\/www.ludwig-automobile-pflege.de\/index.php?rest_route=\/wp\/v2\/pages"}],"about":[{"href":"https:\/\/www.ludwig-automobile-pflege.de\/index.php?rest_route=\/wp\/v2\/types\/page"}],"author":[{"embeddable":true,"href":"https:\/\/www.ludwig-automobile-pflege.de\/index.php?rest_route=\/wp\/v2\/users\/1"}],"replies":[{"embeddable":true,"href":"https:\/\/www.ludwig-automobile-pflege.de\/index.php?rest_route=%2Fwp%2Fv2%2Fcomments&post=12"}],"version-history":[{"count":30,"href":"https:\/\/www.ludwig-automobile-pflege.de\/index.php?rest_route=\/wp\/v2\/pages\/12\/revisions"}],"predecessor-version":[{"id":347,"href":"https:\/\/www.ludwig-automobile-pflege.de\/index.php?rest_route=\/wp\/v2\/pages\/12\/revisions\/347"}],"wp:attachment":[{"href":"https:\/\/www.ludwig-automobile-pflege.de\/index.php?rest_route=%2Fwp%2Fv2%2Fmedia&parent=12"}],"curies":[{"name":"wp","href":"https:\/\/api.w.org\/{rel}","templated":true}]}}